t derivative of 40*n**3/3 + n + 6. What is the tens digit of f(1)?
4
Let x = 377 + -246. What is the hundreds digit of x?
1
What is the tens digit of ((-4)/(-8))/(3/258)?
4
Let b(f) = -2*f**3 + 3*f + 6. Let p be b(-2). Let q = -5 - 5. Let u = q + p. What is the units digit of u?
6
Let s = 179 + -134. What is the units digit of s?
5
Let a(w) = 11*w**3 - 9*w**2 + 2*w + 9. Let q(k) = 6*k**3 - 5*k**2 + k + 5. Let c(y) = -4*a(y) + 7*q(y). What is the tens digit of c(-2)?
2
Let b be (-2)/(3/((-3)/(-2))). Let r be (-3)/(-1) + -1 + b. Let o = r - -2. What is the units digit of o?
3
Suppose -3*h - 6 = -i + 5, -5*i - 4*h - 2 = 0. Let k = 1 + i. Suppose -5 = -k*b - 2. What is the units digit of b?
1
Let c(t) = 6*t**3 - 2*t**2 - 1. Let f be c(-2). Let k = 83 + f. What is the tens digit of k?
2
Let s(u) = u + 3. Let g be s(0). Suppose 3*j - 1 = 4*y + 8, j - g = -2*y. Suppose -j*d + 8*d = 35. What is the units digit of d?
7
Suppose 0*u = 5*u - 10. Suppose -c + 10 = u. Let y = c + -6. What is the units digit of y?
2
Suppose 0 = -2*a + 3*o + 6, -4*o = -a - 0*a + 3. Let z(w) = 2*w - 4*w + a*w + 13. What is the units digit of z(-7)?
6
Suppose 0 = 5*n - 10, 38 = 2*g - 0*n - n. What is the units digit of g?
0
Suppose 3*n - 5*n + 18 = 0. Let v = n + -4. Let i = v + 4. What is the units digit of i?
9
Let f be (2 + 0)*(-3)/(-2). Suppose f*k - 12 = -3. What is the units digit of k?
3
Suppose -c = -4*a - 92 - 3, -125 = 5*a + 5*c. Let i = a - -44. Suppose -b + i = b. What is the units digit of b?
0
Suppose -10 = 5*c, 4*a = 2*a + 4*c + 14. Suppose -20 = -g - a*g. What is the units digit of g?
5
Let s(z) = -5 - 2*z + 2*z - 3*z. Suppose 0 = -0*p + 3*p + 12. What is the units digit of s(p)?
7
Let k(c) = 18*c**2 + 4*c. What is the units digit of k(-2)?
4
Let x = 20 + -3. Let l = 30 - x. What is the tens digit of l?
1
Suppose k + 9 + 6 = 0. Let x = -7 - k. What is the units digit of x?
8
Suppose -2*p + 0*p - 5*y = 0, p - 9 = 2*y. Suppose -8 = 9*q - 7*q. Let n = q + p. What is the units digit of n?
1
Let y = -13 + 18. Suppose -5*z + b = -7, -5*b - y = 3*z - 26. What is the units digit of (-3)/z - (-50)/4?
1
Let q(r) = -2*r + 14. What is the units digit of q(-10)?
4
Suppose -2*y + 5*y = 6. Suppose -3*t + 3*d + 156 = 0, 0 = 4*t + y*d - 110 - 68. Let v = t - 28. What is the tens digit of v?
1
Let t(f) = 16*f + 83. What is the units digit of t(12)?
5
Let q = -60 + 6. Let k = -26 - q. What is the units digit of k?
8
What is the hundreds digit of 2/10 + (-17663)/(-85)?
2
Let m(i) = 3*i + 7. Let n(l) = l**3 + 9*l**2 - 10*l + 6. Let a be n(-10). What is the units digit of m(a)?
5
Suppose 6*t - 2*t - 324 = 0. What is the tens digit of t?
8
Suppose c = 4*c + o - 3, 3*c + 2*o = 0. Suppose -2*n + 26 = 2*i, 0 = -2*i - c*i - 3*n + 51. What is the tens digit of i?
1
Suppose -3*z + 12 = -5*z. Let m(o) be the third derivative of -o**5/60 - 7*o**4/24 - 5*o**3/6 + 2*o**2. What is the units digit of m(z)?
1
Let u = 8 - 6. Suppose 2*t - 24 = -u*t. Suppose -s = -c + 3, -4*c = -2*c - 3*s - t. What is the units digit of c?
3
Suppose 2 + 1 = -t + 4*a, -2*t = -5*a + 3. What is the tens digit of (0 - -1)*15/t?
1
Suppose 3*s + 2*h = 4*h + 978, 1284 = 4*s + 4*h. What is the tens digit of s?
2
Let v be (-17)/(-3) - (-2)/6. What is the units digit of ((-9)/v + 0)*-10?
5
Let k = 17 + -3. What is the units digit of k?
4
Let y(i) = 58*i**3 + 2*i**2 - 1. What is the tens digit of y(1)?
5
Let r(d) = -d**2 + 3*d. Let y be r(2). Let c = 1 + y. Suppose 4*b = -2*x + 2 + 26, b + 49 = c*x. What is the tens digit of x?
1
Let j = 55 + 26. What is the units digit of j?
1
Suppose 3*o - 7 - 23 = 0. What is the tens digit of o?
1
Let s = 3 + -3. Suppose s = l - 4*l + 12. Suppose 2*d - 8 = -l*p, 34 = 3*d + p - 6*p. What is the units digit of d?
8
Let q(c) = -c + 8. What is the tens digit of q(-5)?
1
Let r = -42 - -79. What is the tens digit of r?
3
Let i = 13 + -10. Suppose -4*d + 16 = 0, 4*q + i*d + 2*d = 100. What is the tens digit of q?
2
Let y = 13 - 2. What is the units digit of y?
1
Let v be 1*(11 - (2 + -3)). Let i = 15 - v. What is the units digit of i?
3
Suppose 0*y - 3 = -2*y - 3*d, -15 = -4*y + 3*d. Suppose 3*w + 35 = 5*c, 25 = 4*c - y*w - 0*w. What is the tens digit of c?
1
Let l = 7 + -3. Suppose -2*i - i - 5*g = -41, 0 = i - l*g - 8. What is the units digit of i?
2
Let c = -7 + 3. Let u(g) = g**3 + 3*g**2 + 2*g + 6. Let l be u(c). What is the units digit of 44/36 - (-4)/l?
1
What is the units digit of 18/45 + 3/5?
1
Let t = -9 + 41. Suppose 4*r - 4*m - 24 = -0*m, 4*r - t = 2*m. What is the units digit of 56/r - 2/(-5)?
6
Suppose -142 - 74 = -3*n. What is the tens digit of n?
7
Suppose 0 = -2*b + 6. Suppose 5*d - b*d - 66 = 0. What is the tens digit of d?
3
Let c(m) = m**3 + 3*m**2 - 6*m - 6. Let j be c(-4). Let l be 2 - (-2)/(0 - j). Suppose -l = -2*g + 3. What is the units digit of g?
2
Let x be 366/10 - (-4)/10. Suppose 2*p - 9 + x = 0. Let b = 20 + p. What is the units digit of b?
6
Let w be 6/(-8) - 3/(-4). Suppose -2*n - 3*n + d - 10 = w, -n - d = -4. What is the tens digit of ((-3)/n)/(-1) + 19?
1
Suppose -2*d = -5*d + 54. Suppose 5*y - 3 = 2*u + d, -5*u + 3*y = 5. Suppose -2*v + u = -2. What is the units digit of v?
2
Suppose -4*l = 3*m + 39 + 4, -4*l = 2*m + 38. Let o = l + 10. What is the units digit of o?
3
Let k be (-2)/3 + (-16)/(-24). Let q(a) = -2*a + 19. What is the units digit of q(k)?
9
Let p(y) = 14*y**3 - 19*y**2 + 21*y - 32. Let r(j) = 5*j**3 - 6*j**2 + 7*j - 11. Let t(m) = -4*p(m) + 11*r(m). What is the units digit of t(9)?
5
What is the units digit of 654/24 + (-3)/(-4)?
8
Let m be (-3 + -555)*(-4)/(-6). What is the units digit of 3/4 + m/(-16)?
4
Suppose 0 = -4*i + 23 + 21. Let y = i + -8. What is the units digit of y?
3
What is the tens digit of 20 + (1 - (2 + -3))?
2
Let d = 1 + 9. Let j(y) = y**3 - 9*y**2 - 8*y - 5. What is the tens digit of j(d)?
1
What is the hundreds digit of (-762)/4*(-8)/12?
1
Suppose 0 = -2*w - w + 33. Let h = w + -5. What is the units digit of h?
6
Let c be ((-10)/(-8))/((-5)/(-100)). Suppose 3*b = -c + 103. What is the units digit of b?
6
Suppose 0 = -3*n - 6 + 15. What is the units digit of n?
3
Suppose -2*x = -x - 3*q - 7, -2*q = -5*x - 4. What is the tens digit of (2 - -12) + (x - -1)?
1
Let i be (17/1)/(1/1). Let y(q) = q**3 + 9*q**2 + 17*q + 9. Let v be y(-7). Let x = i + v. What is the units digit of x?
5
Suppose -2*i = -a - 4*i - 2, -5*a - 32 = -i. What is the tens digit of (a/8)/(1/(-24))?
1
Suppose 9 = m - 5*k, -2*k - 15 = 4*m - 95. Let l = m + 3. What is the tens digit of l?
2
Let a be 26/(-6) - 2/3. What is the units digit of 5 + a - (-2)/1?
2
Let q(l) be the third derivative of -l**6/120 + 3*l**2. What is the units digit of q(-2)?
8
Suppose -238 = 2*v - 9*v. What is the units digit of v?
4
Let v = 2 + -1. Let j be -1 - 1 - (-3 - v). Suppose j*k - k = 9. What is the units digit of k?
9
Suppose -29 = -3*h + 13. What is the units digit of h?
4
Let o be 157/2 - 3/(-6). Suppose -3*r + o = -4*y, 0 = 5*r + 6*y - y - 120. What is the units digit of r?
5
Let o = 27 - 7. Let t be (1 + -2)/((-4)/o). What is the units digit of (0 + (-2)/t)*-5?
2
Let j(n) = 44*n - 23. What is the tens digit of j(6)?
4
Let o = -11 - -15. Suppose -o*y = -5*y + 8. What is the units digit of y?
8
What is the tens digit of -7*(26/(-10) + 9/15)?
1
Suppose -w = 2*w - 45. Suppose -3*k - 4*j = -19, -2*j + 5*j = -w. What is the units digit of k?
3
Suppose 0 = -m - 5 + 17. Suppose 5*y - 18 - m = 0. What is the units digit of y?
6
Let l = 9 + -5. Suppose -j = -5*t + 26, 3*t + l*j - 22 = 3*j. What is the units digit of t?
6
Let c(r) = 4*r - 10. Let a be c(4). Let t = 9 - a. What is the units digit of t?
3
Let s(k) = -23*k - 3. What is the units digit of s(-2)?
3
Suppose -610 = -4*b + 2*n, b - 3*n - 150 = -0*n. What is the units digit of b?
3
Let t(u) = u**3 - u - 1. What is the units digit of t(2)?
5
Suppose o - 5*o = -5*i + 477, -4*i = -2*o - 378. What is the units digit of i?
3
Let x(s) = -s**3 - 2*s**2 + 10*s + 17. What is the units digit of x(-5)?
2
Let p = -2 - -6. Suppose -3*d + p + 2 = 0. What is the units digit of d?
2
What is the tens digit of 22 - (44/24 + 3/18)?
2
Let u(d) = d**2 - 2*d + 6. Suppose 0 = -3*i - 15 - 0. What is the tens digit of u(i)?
4
Let m = -10 + 13. Suppos